nits digit of i?
8
Suppose 5*y = 4 + 11, -2*y + 15 = o. Let m = 4 - o. What is the units digit of (-4 - 3/(-3))*m?
5
Suppose 0 = -4*o - 7 - 5. Let n be 1 + (-9 - o)/3. What is the tens digit of n + -2 + 2 + 35?
3
Let u = 25 - 27. What is the units digit of (468/(-45))/(u/5)?
6
What is the tens digit of (23199/(-22))/19*10/(-3)?
8
Suppose 0 = 4*x + o - 3767, o + 4*o - 918 = -x. What is the tens digit of x?
4
Let k(l) = 526*l**2 - 8*l - 20. What is the units digit of k(-2)?
0
Let k = 10 + -10. Suppose 3*c + r + 9 = k, -c = -2*c - 5*r - 3. Let u(p) = p**3 + 4*p**2 - 2. What is the units digit of u(c)?
7
Let m(f) = f**2 + 10*f - 4. Suppose 0 = 4*b + 5*b + 117. What is the tens digit of m(b)?
3
Let h(o) = -5*o + 53. Let y be h(10). Suppose -y*a + 18*a = 3330. What is the hundreds digit of a?
2
Let g(t) = -1 + 441*t - 878*t + 438*t. Suppose 4*k = 2*r - 5 - 3, -4*r - k = -43. What is the units digit of g(r)?
9
Let t = 237 + -78. What is the tens digit of t?
5
Let i(u) = 12*u - 17. Let j(d) = d + 1. Let t(b) = -i(b) + 2*j(b). What is the units digit of t(-5)?
9
Suppose -7*o = -11*o + 20. What is the units digit of (2 - 1)/(1/o)?
5
Suppose -29*w + 23332 = -49603. What is the thousands digit of w?
2
Let t = 1317 - 145. What is the hundreds digit of t?
1
Let s(u) = -2*u**2 + u**2 - 19*u + u + 19 + 12. What is the tens digit of s(-16)?
6
Let k(q) = 7*q - 4*q - 4*q - 1 + 12*q. What is the units digit of k(7)?
6
Let f = 816 + 3761. What is the hundreds digit of f?
5
Suppose 5*i - 3*q - 5077 = 0, i - 4060 = -3*i + 4*q. What is the hundreds digit of i?
0
Suppose 2*b - 4*b + 78 = 4*l, -l = 5*b - 33. Suppose -4*n + l = -7*n. What is the units digit of ((-2)/n)/((-3)/(-189))?
1
Let p = -434 - -661. What is the units digit of p?
7
Suppose -2*v + 3*d = d, -15 = -4*v - d. What is the tens digit of ((-5)/(-15))/(-1)*v - -96?
9
Let y = -13 + 14. Let c be ((-15)/9)/(y/(-6)). What is the tens digit of 129/2*c/15?
4
Let c(m) = m**2 + 6*m + 16. Suppose 3*u + 3 - 21 = 0. What is the tens digit of c(u)?
8
Let f(h) be the second derivative of -3*h**4/2 - h**3/6 - h**2/2 + 13*h. Let v be f(-1). What is the tens digit of -9 - v - (-2)/2?
1
Let a be (3 + -1)/(7 + -5). Let v(y) = 65*y**2 - y. Let r be v(a). Suppose -14 = 5*g - r. What is the units digit of g?
0
Let w = 1 + -1. What is the units digit of w - (-8)/((-8)/(-2)) - -127?
9
Suppose 5*g + h = -2660, 5*g + 5*h = 2*g - 1618. Let d = g - -785. What is the tens digit of d?
5
Suppose -2*u + v - 452 = -3319, -u = 3*v - 1451. What is the thousands digit of u?
1
Suppose 267 = -4*j + 3031. What is the tens digit of j?
9
Let h = 4572 - 2452. What is the tens digit of h?
2
Let j(c) = c**2 + 13*c + 15. Let r be j(-12). Suppose r*f - 4 - 2 = 0. What is the tens digit of 6/(-4) - (-33)/f?
1
Suppose x - 2*x = 13. Let b(q) = -q - 5. Let f be b(x). Suppose 3*s - 5*m = 80, 3*s + 2*m - f - 65 = 0. What is the units digit of s?
5
Suppose 0*l = -6*l + 24. Suppose s - l = 4. What is the units digit of s?
8
Suppose -f + 10*j = 11*j - 163, -3*j = -6. What is the tens digit of f?
6
Suppose -3*v - 4*x = -508, -2*v + 7*v = 3*x + 866. Let y = v - 29. What is the units digit of y?
3
Let h(a) = 3*a - 23. Suppose -2*g = 3*g - 95. What is the units digit of h(g)?
4
Suppose 0 = -4*p - 6 - 14, -5*i - 3*p = -4855. What is the units digit of i?
4
Let j(m) = m**3 + 11*m**2 + 11*m - 2. Let f be j(-10). What is the units digit of ((-3)/f)/((-2295)/(-2292) - 1)?
1
Let w = 36 + -32. What is the tens digit of w*(-148)/24*-3?
7
Suppose -18*m = -14*m. Suppose 3*o - 3*q = -m*q + 147, o = -2*q + 37. What is the tens digit of o?
4
Let p(h) = -h**3 + h**2 + h - 9. Let q be p(0). Let j be (q/(-3))/(9/6). Let x = 3 - j. What is the units digit of x?
1
Let j(y) be the first derivative of 3*y - 3/2*y**2 + 1/3*y**3 - 8. What is the tens digit of j(-5)?
4
Let x be (1/2)/(4/4168) + 1. Suppose 4*i - 1478 + x = 0. What is the units digit of i?
9
Let f be (-5 + 1)/(2/(-35)). Let t(l) = 3*l + 57. Let v be t(-17). Suppose v*d - f = d. What is the units digit of d?
4
Suppose -6*m + 1044 = -2*m. Let f = m + -76. What is the units digit of f?
5
Let j = 193 + -199. Let t(b) be the second derivative of b**4/6 + b**3 + 3*b**2/2 - 2*b. What is the tens digit of t(j)?
3
Suppose -c = 3*w - 533, c - 993 = -4*w - 283. What is the tens digit of w?
7
Let f(q) = -133*q + 573. What is the tens digit of f(-31)?
9
Suppose -70 = 2*y + 5*y. Let d be (30 + 18)*y/(-4). Suppose -4*l + 4 = -d. What is the units digit of l?
1
Suppose 0 = 5*t + 2 - 22. Let u be (-10)/((-330)/4807) + 4/3. Suppose 0 = -t*k + 7*k - u. What is the units digit of k?
9
Let d(q) = -23*q - 7. Suppose -11*b + 3*b = 48. What is the tens digit of d(b)?
3
Let r(p) = -p**3 - 4*p**2 - 2*p - 1. Let a be 6/4*(-9)/((-162)/(-60)). What is the tens digit of r(a)?
3
Suppose -2*d + 953 = -609. What is the hundreds digit of d?
7
Let h(j) = -2*j + 4. Let y be h(-8). Suppose 0 = -7*b - y + 146. What is the tens digit of b?
1
Let k = 634 - 443. What is the hundreds digit of k?
1
Let g = -1117 + 2245. What is the tens digit of g?
2
Let f = 11990 + -8437. What is the hundreds digit of f?
5
Let q(v) = -v - 4. Let w be 2 + -4 + -1 + -1. Let h be q(w). What is the tens digit of (39 - -1)*(h + 1)?
4
What is the units digit of (-53 + 159)*((-2 - 0) + 3)?
6
Let z = -167 - -323. Suppose z = k - 5*b, 4*b + 544 = 6*k - 2*k. What is the hundreds digit of k?
1
Let l(f) = -f**3 - 9*f**2 - 11*f - 7. Let d be l(-8). Let y be -3 - ((-9)/3 + d). Let v = 71 + y. What is the units digit of v?
4
Let p be (46/(-8))/((-27)/2268). Let u = -265 + p. What is the hundreds digit of u?
2
Suppose -3*d = 4*v - 1673, -3*v = -d + 2*v + 583. What is the tens digit of d?
6
Suppose 0 = 3*l + 6, -h - 6*l + 3*l = -100. Suppose 5*x + 2*w = 2*x + 149, -2*x - 3*w = -h. What is the tens digit of x?
4
Let k = 7 - 8. Let h be 4 + k + -1 - -132. Suppose -5*v - w + 194 = -v, 0 = -3*v + 5*w + h. What is the tens digit of v?
4
Let k(h) = 2*h + 137. What is the tens digit of k(-25)?
8
Let x be (2/(-4))/((-4)/(-136)). Let s = x - -17. Suppose 2*j = -s*j + 38. What is the units digit of j?
9
Suppose -o + 4*b = -53, 5*o + 3*b - 5*b - 247 = 0. Let u(k) = -2*k - 5. Let l be u(6). Let q = l + o. What is the units digit of q?
2
Suppose 14*p - 10054 - 5934 = 0. What is the thousands digit of p?
1
Suppose 0 = 4*q - 10*q - 36. Let h(c) = c**3 + 8*c**2 + 3*c + 6. What is the units digit of h(q)?
0
Let b(z) = z**3 + 14*z**2 - 23*z + 6. What is the tens digit of b(-11)?
2
Suppose -2*c = -o + 2358, 2*c - 4704 = -2*o - 0*c. What is the units digit of o?
4
Suppose -26*j = -11*j - 3030. What is the tens digit of j?
0
Let w(n) = 4*n**3 + 7*n**2 + 3*n - 12. What is the thousands digit of w(6)?
1
Let o(n) be the second derivative of -n**3 + 30*n**2 - 36*n. What is the tens digit of o(-26)?
1
Let g(i) = 2*i**2 - 2*i + 5. Let t be g(0). Suppose 0*k + 4*k + 5*h = 125, -t*k + 5*h = -190. What is the tens digit of k?
3
Let q(b) = 3*b**2 + 6*b - 5. Let x be q(8). Suppose -x = -5*h - 20. What is the tens digit of h?
4
Suppose -6*v - 591 = -3*v - 5*s, -5*v = 2*s + 954. Let w = v + 330. What is the units digit of w?
8
Let k(v) = -12*v**3 - v**2 + 1. Let x be k(1). Let c = -9 - x. Let w = c + 18. What is the units digit of w?
1
Let s(a) = -a**3 - 4*a**2 + 8*a. Let x(w) = w**2 + 12*w + 6. Let k be x(-9). Let c be 15/35 + 135/k. What is the units digit of s(c)?
4
Suppose -25*f + 24*f = t - 487, 3*t = -5*f + 2429. What is the units digit of f?
4
Let h(i) = 51*i + 13. Let t be h(9). What is the hundreds digit of (3/(-6))/((-2)/t)?
1
Let a = 2454 + -1590. What is the units digit of a?
4
Let l(y) = 11*y**3 + y**2 - 5. Let s(o) = -o**3 + 1. Let a(x) = -x**2 + 2*x + 1. Let b be a(2). Let r(i) = b*l(i) + 5*s(i). What is the units digit of r(1)?
7
Let l = -54 + 59. Suppose 98 = l*d - 162. What is the units digit of d?
2
Let l(g) = 2*g**3 - 7*g**2 - 5*g - 12. What is the tens digit of l(6)?
3
Let i be (-1)/(-1) + (-24)/(-4). Suppose 4*s - 100 = q, 3*s - 75 = -3*q + i*q. Let x = s - -6. What is the units digit of x?
1
Let l(x) = -x**3 - x**2 - 4*x. Suppose 0*q - 4*q - 11 = -5*i, q - i + 2 = 0. Let g be (0 - 0 - 3)*q. What is the tens digit of l(g)?
3
Suppose 6*f - 15552 = 8160. What is the units digit of f?
2
Let t(m) = m**3 + 